6?
1313
What is the greatest common divisor of 2682 and 45486?
18
Calculate the highest common factor of 15354 and 3174866.
1706
What is the greatest common divisor of 428 and 46977280?
428
What is the greatest common factor of 5113665 and 1269?
27
Calculate the highest common divisor of 494364 and 312.
156
Calculate the highest common factor of 1088463136 and 796.
796
What is the highest common divisor of 1052 and 146457599?
263
Calculate the greatest common factor of 3804990 and 4830.
210
What is the highest common factor of 193140 and 1820?
20
What is the highest common factor of 1772058750 and 5610?
5610
What is the greatest common divisor of 132409836 and 156?
156
What is the highest common factor of 65913981 and 7259?
119
What is the greatest common factor of 3343578 and 3486?
42
Calculate the greatest common divisor of 3052 and 53184915.
763
What is the greatest common factor of 3932201 and 4615?
13
What is the greatest common factor of 6222382 and 6758?
62
What is the highest common divisor of 144736 and 16128?
32
What is the highest common divisor of 1616331919 and 19?
19
Calculate the greatest common factor of 261038 and 18706.
94
Calculate the highest common divisor of 236368 and 49808.
176
Calculate the highest common divisor of 17 and 8625018.
17
Calculate the highest common divisor of 109698 and 276968.
778
Calculate the highest common factor of 550685 and 121105.
2285
What is the greatest common factor of 37 and 595589?
37
Calculate the highest common divisor of 275424 and 320.
32
Calculate the greatest common divisor of 34422160 and 120.
40
Calculate the greatest common divisor of 14623427 and 5551.
91
What is the greatest common factor of 367734 and 498386?
734
Calculate the greatest common divisor of 319 and 7373839.
11
Calculate the greatest common factor of 3481909 and 151.
151
Calculate the highest common divisor of 1188265 and 615797.
1313
Calculate the greatest common factor of 4249248 and 5880.
24
Calculate the greatest common factor of 400 and 619660.
20
What is the highest common divisor of 651 and 196557?
3
Calculate the greatest common divisor of 55121484 and 20988.
6996
What is the highest common divisor of 96051 and 646602?
303
Calculate the highest common factor of 22632 and 30084.
276
What is the greatest common divisor of 1364 and 3928289?
31
What is the greatest common factor of 7813560 and 596?
596
Calculate the highest common divisor of 788710153 and 35588.
8897
Calculate the highest common factor of 23427231 and 8520.
213
What is the greatest common divisor of 32376312 and 36?
36
What is the highest common factor of 20155 and 875365?
145
Calculate the greatest common divisor of 256 and 345388160.
128
Calculate the highest common divisor of 172147447 and 3698.
1849
Calculate the highest common factor of 5310194 and 150866.
482
Calculate the highest common divisor of 2811472 and 2587.
199
Calculate the highest common factor of 75302053 and 135881.
7993
What is the highest common divisor of 34119396 and 36?
36
What is the greatest common factor of 195 and 19069?
1
Calculate the highest common divisor of 195472375 and 93925.
7225
What is the highest common divisor of 35076270 and 255?
255
Calculate the greatest common divisor of 581 and 2069107.
83
What is the greatest common factor of 189 and 10042347?
21
Calculate the highest common factor of 1774 and 10665288.
1774
What is the greatest common factor of 3194 and 303516238?
3194
What is the greatest common factor of 5415324 and 13?
1
What is the highest common divisor of 580194 and 1728?
18
Calculate the highest common factor of 172859765 and 3445.
3445
Calculate the highest common factor of 6620548 and 2672.
668
What is the greatest common divisor of 200 and 97535175?
25
What is the greatest common factor of 10750 and 81096250?
250
What is the greatest common divisor of 3 and 1261995?
3
Calculate the greatest common factor of 4272 and 240020184.
2136
Calculate the highest common factor of 744380 and 1505.
35
Calculate the highest common divisor of 485 and 378943595.
485
Calculate the greatest common divisor of 79119 and 567243.
1341
What is the highest common factor of 15524482 and 57?
19
What is the highest common divisor of 711 and 122390829?
711
Calculate the greatest common divisor of 892987030 and 543.
181
What is the highest common divisor of 89521965 and 3699?
1233
Calculate the highest common divisor of 39996 and 10555308.
3636
What is the greatest common factor of 173790 and 2250?
90
Calculate the highest common divisor of 99 and 2614997.
11
Calculate the highest common divisor of 835744 and 151361.
49
Calculate the greatest common divisor of 29312 and 216863.
229
Calculate the greatest common divisor of 40722 and 330.
66
Calculate the greatest common divisor of 18 and 2454246.
18
Calculate the highest common factor of 1279850 and 12350.
650
What is the greatest common factor of 104397 and 55002?
267
What is the greatest common divisor of 1161762635 and 55?
55
What is the greatest common divisor of 11342100 and 2700?
300
What is the highest common divisor of 10192 and 141468782?
1274
Calculate the highest common factor of 97164 and 94032.
36
What is the greatest common divisor of 7363987 and 2?
1
Calculate the highest common divisor of 112861816 and 16.
8
What is the greatest common factor of 3115 and 326875?
5
Calculate the greatest common factor of 220210 and 306830.
610
Calculate the highest common divisor of 2415556 and 856900.
1804
What is the highest common factor of 4135524 and 1860?
372
Calculate the greatest common divisor of 616 and 37392740.
308
What is the greatest common divisor of 420570 and 15015?
15
Calculate the greatest common divisor of 34771 and 101.
1
What is the highest common factor of 55388 and 12175356?
244
Calculate the greatest common divisor of 763 and 256804.
109
What is the highest common factor of 3891808 and 4032408?
5624
What is the greatest common divisor of 14480 and 663365?
905
Calculate the greatest common divisor of 22306327 and 10870.
1087
Calculate the highest common divisor of 2996 and 15132404.
28
Calculate the greatest common factor of 23522431 and 114559.
1051
What is the highest common divisor of 16874832 and 1248?
624
What is the greatest common divisor of 236 and 28662908?
236
Calculate the greatest common divisor of 70632 and 19567026.
1962
What is the highest common factor of 66132 and 16022?
2
Calculate the greatest common divisor of 4124542 and 153994.
4162
Calculate the greatest common divisor of 11073315 and 15.
15
What is the highest common factor of 51401 and 3934?
7
What is the highest common factor of 644 and 10453247?
161
Calculate the highest common factor of 797594 and 10304.
322
What is the greatest common factor of 540 and 73368390?
30
What is the highest common divisor of 840 and 68742660?
420
What is the greatest common divisor of 122374258 and 29?
29
What is the highest common divisor of 644750 and 13405642?
5158
Calculate the greatest common divisor of 2424 and 43532616.
2424
Calculate the highest common factor of 35300 and 64100.
100
Calculate the greatest common factor of 9177 and 2184441.
21
Calculate the highest common factor of 2044965 and 480.
15
Calculate the highest common divisor of 14 and 11604607.
7
What is the greatest common factor of 52409124 and 4428?
36
Calculate the greatest common divisor of 732 and 235327752.
732
What is the highest common factor of 2877872 and 64?
16
Calculate the greatest common factor of 190961 and 461822.
799
Calculate the greatest common factor of 239063 and 1055.
211
Calculate the greatest common factor of 7729371 and 1859.
13
What is the greatest common factor of 1352913096 and 6?
6
Calculate the highest common divisor of 1252466 and 70942.
158
What is the highest common divisor of 1540 and 240151835?
385
Calculate the greatest common divisor of 56709620 and 5654.
5654
Calculate the highest common divisor of 50801023 and 7.
7
Calculate the highest common divisor of 91011 and 986562.
69
Calculate the greatest common divisor of 2148160 and 32332.
548
Calculate the greatest common factor of 202224 and 11154.
66
What is the highest common factor of 66 and 325408622?
22
What is the greatest common factor of 68258970 and 10530?
3510
What is the